of 11185 and 52578448?
2237
Calculate the highest common divisor of 203604 and 4028.
76
Calculate the highest common factor of 230952 and 328.
8
What is the greatest common factor of 163432 and 22816?
248
What is the highest common factor of 1275182 and 492?
82
Calculate the highest common factor of 10330819 and 139641.
523
Calculate the highest common divisor of 13621472 and 5311.
113
What is the greatest common divisor of 3934100 and 840?
20
Calculate the greatest common factor of 8734620 and 7660.
20
What is the greatest common factor of 252 and 54063786?
42
Calculate the highest common divisor of 8083 and 4103627.
59
Calculate the greatest common divisor of 88 and 87704.
8
Calculate the greatest common divisor of 1698630 and 375.
15
What is the greatest common factor of 1835950 and 89790?
730
Calculate the greatest common divisor of 73152 and 1345311.
1143
What is the highest common factor of 33888894 and 342?
114
What is the highest common factor of 3856 and 115712776?
1928
What is the highest common divisor of 854 and 288979082?
854
What is the highest common factor of 16037 and 49329?
203
Calculate the highest common divisor of 22353408 and 37800.
1512
What is the greatest common factor of 1140427 and 143803?
769
What is the greatest common factor of 515 and 139552743?
103
Calculate the greatest common factor of 30597354 and 18.
18
What is the highest common divisor of 66 and 93939186?
66
What is the highest common divisor of 332 and 24032?
4
What is the highest common factor of 3 and 152458?
1
Calculate the highest common factor of 2020 and 5180780.
20
Calculate the highest common factor of 255856537 and 3628.
907
What is the highest common factor of 265058255 and 7?
7
What is the highest common divisor of 176145216 and 2496?
2496
What is the greatest common divisor of 37366968 and 24?
24
What is the greatest common factor of 58912 and 4725847?
1841
What is the highest common divisor of 11 and 230830721?
11
Calculate the highest common factor of 2657125 and 757625.
3625
What is the highest common divisor of 14139641 and 23276?
529
Calculate the highest common divisor of 25648 and 766234.
3206
What is the highest common factor of 24 and 33722496?
24
What is the greatest common factor of 403005 and 519295?
2005
Calculate the highest common divisor of 2560 and 22576000.
640
What is the greatest common factor of 672096 and 10884?
12
What is the highest common divisor of 12558272 and 64?
64
What is the greatest common divisor of 117056 and 17728?
64
Calculate the highest common divisor of 8326 and 101000534.
362
What is the greatest common factor of 50 and 73198480?
10
Calculate the highest common divisor of 6831 and 1807623.
27
What is the greatest common divisor of 182872185 and 135?
15
What is the greatest common divisor of 2497085 and 26533?
157
Calculate the greatest common factor of 8637189 and 183117.
1023
What is the highest common factor of 114 and 2369984?
38
What is the highest common factor of 13480985 and 1855?
35
Calculate the highest common factor of 526635 and 14715.
135
Calculate the greatest common divisor of 543 and 28650852.
543
Calculate the greatest common factor of 3397215 and 464830.
4945
What is the highest common factor of 78756862 and 152?
38
What is the greatest common factor of 6 and 8275746?
6
Calculate the highest common divisor of 1420 and 3312520.
20
What is the greatest common divisor of 247676742 and 3933?
3933
Calculate the greatest common divisor of 10085 and 23191466.
2017
What is the highest common divisor of 64 and 1972298?
2
Calculate the highest common factor of 751050 and 15300.
450
What is the greatest common divisor of 3071658 and 236?
118
Calculate the highest common divisor of 30756 and 60324.
132
What is the highest common divisor of 109670554 and 86?
86
What is the greatest common factor of 255 and 11486271?
51
What is the greatest common factor of 86350 and 129250?
550
Calculate the greatest common factor of 8195439 and 45570.
651
What is the highest common divisor of 6779745 and 3285?
45
What is the greatest common divisor of 80 and 3394660?
20
Calculate the greatest common divisor of 475495 and 488.
61
Calculate the greatest common factor of 315909 and 730739.
3191
What is the highest common factor of 5512138 and 1?
1
Calculate the highest common divisor of 2147958 and 6642.
162
What is the greatest common divisor of 18290 and 17784370?
590
What is the greatest common factor of 7607078 and 906?
302
What is the greatest common factor of 1030 and 2584080?
10
Calculate the greatest common factor of 14 and 893690042.
14
Calculate the greatest common factor of 4378745 and 280.
35
Calculate the highest common factor of 15203 and 4393.
23
Calculate the greatest common divisor of 5753085120 and 18.
18
Calculate the greatest common factor of 297692 and 14402.
38
What is the greatest common factor of 1107027 and 96534?
1557
Calculate the highest common factor of 513 and 5251201.
19
What is the greatest common factor of 1199 and 306473883?
109
What is the highest common factor of 353652872 and 302?
302
What is the greatest common factor of 5051547 and 7599?
447
Calculate the greatest common factor of 239880 and 66360.
120
Calculate the highest common divisor of 3903 and 40102024.
1301
What is the greatest common factor of 1091759 and 10871?
1553
What is the highest common factor of 185 and 770331305?
185
What is the highest common divisor of 766267670 and 70?
70
Calculate the highest common divisor of 91002 and 2436.
174
Calculate the greatest common divisor of 5 and 5496190.
5
Calculate the greatest common factor of 254065 and 2805085.
5185
Calculate the greatest common factor of 106250 and 48931250.
6250
Calculate the greatest common factor of 355 and 7950793.
71
What is the highest common factor of 3965423 and 4204?
1051
Calculate the highest common divisor of 851 and 33234103.
851
What is the highest common factor of 528451595 and 315?
35
What is the greatest common divisor of 4754268 and 828?
36
Calculate the greatest common factor of 18914250 and 3450.
150
What is the greatest common divisor of 556 and 309767338?
278
What is the greatest common factor of 532 and 335390356?
532
Calculate the greatest common divisor of 5615269 and 209.
11
What is the greatest common divisor of 368 and 124542608?
368
Calculate the highest common divisor of 169752 and 31768.
88
Calculate the greatest common factor of 22864080 and 320.
80
What is the highest common factor of 161109 and 1599?
39
What is the greatest common factor of 1800 and 53544744?
72
What is the highest common factor of 98394902 and 10276?
734
What is the highest common divisor of 465905 and 231770?
2365
What is the highest common factor of 56331 and 2101?
11
What is the highest common divisor of 77608883 and 22?
11
What is the greatest common divisor of 8 and 2655896608?
8
Calculate the greatest common factor of 1362317020 and 10.
10
Calculate the greatest common divisor of 1984380 and 247860.
60
Calculate the greatest common divisor of 3458 and 2636858.
266
Calculate the greatest common divisor of 140900890 and 31.
31
What is the greatest common factor of 184 and 15019736?
184
Calculate the highest common divisor of 27938 and 910046.
458
What is the greatest common divisor of 17008 and 1709872?
16
What is the greatest common divisor of 432881 and 67424?
43
What is the greatest common factor of 39519765 and 54?
27
What is the greatest common factor of 29164084 and 876?
292
What is the greatest common divisor of 11256933 and 1086?
543
What is the highest common divisor of 275 and 3481841?
11
Calculate the highest common divisor of 785721 and 9231.
543
What is the highest common divisor of 169267 and 1855?
7
Calculate the greatest common factor of 33 and 10528713.
3
Calculate the highest common divisor of 81221 and 3227.
7
What is the greatest common factor of 5 and 266946235?
5
Calculate the highest common factor of 336 and 608461.
7
Calculate the highest common factor of 783371 and 218470.
3121
What is the highest common divisor of 77908800 and 120?
120
Calculate the highest common divisor of 93783872 and 1664.
832
Calculate the greatest common factor of 178 and 422389461.
89
Calculate the greatest common factor of 13420 and 270230.
610
Wha